d + 3*b = -3 - 72, -4*d = -3*b - 99. What is the units digit of d?
4
Suppose 1987*v = 1988*v - 2347. What is the tens digit of v?
4
Suppose m - 4*m = 3*v - 81, -5*v = -2*m - 121. What is the tens digit of v?
2
Let h(b) = -11*b + 26. Let n(u) = 11*u - 25. Let q(j) = -3*h(j) - 2*n(j). What is the units digit of q(6)?
8
Let u(s) = s + 2. Let z be u(10). Suppose -10 = z*t - 11*t. Let y = 33 + t. What is the units digit of y?
3
Suppose 0 = 43*u - 28*u - 15855. What is the tens digit of u?
5
Let x = 7 - -7. Let t = 6 + -8. Let z = t + x. What is the tens digit of z?
1
Let x = 6262 - 4301. What is the tens digit of x?
6
Let o = -304 + 723. What is the tens digit of o?
1
Let r(t) = t**3 + 1. Let j(p) = -4*p**3 + p**2 + p - 3. Let k(u) = -j(u) - 3*r(u). What is the units digit of k(4)?
4
Let o(w) = -w**3 - 28*w**2 - 30*w - 172. What is the tens digit of o(-28)?
6
What is the tens digit of -1*((-9447)/7 + (-148)/(-259))?
4
Suppose -8 = n + 7*b - 3*b, -4*n = -b + 83. What is the units digit of n/12 - -1 - (-154)/6?
5
Suppose x - 2*q + 5 - 21 = 0, 0 = -2*q - 8. Let w be (28/(-10))/(x/40). What is the units digit of (2/(-3))/(w/1512)?
2
Let q(y) = 6*y - 17. Let o be -3 - (-14 - (2 + -4)). What is the units digit of q(o)?
7
Let k(o) be the third derivative of 0*o**3 + 0 + 0*o + 9/8*o**4 + 6*o**2. What is the tens digit of k(1)?
2
Let a = -20 + 50. Let o = -8 + a. What is the units digit of o?
2
Let o(t) = -t**3 + 13*t**2 + 13*t + 15. Let f be o(14). Let s be 113 + (1 - (-1)/f). Suppose s = 5*c + 25. What is the units digit of c?
8
Let p be (25/5 - 5)*1/2. Suppose -5*k = -5*w - 495, p = -2*k + 5*k + 3*w - 279. What is the units digit of k?
6
Let y(v) = -346*v - 158. What is the tens digit of y(-4)?
2
Let c(d) = d**2 - 7*d - 5. Let i be c(5). What is the units digit of (-6)/i*(0 + -1)*-25?
0
Let q be 3*(-4)/8*-10. Suppose -4*a - q = -3*a. What is the units digit of ((-126)/(-15))/((-3)/a)?
2
Let n be (-2)/3 - 456/(-9). Suppose -r - a + 20 = -0*r, a = -3*r + n. Let i = r + 3. What is the units digit of i?
8
Suppose -19*o + 22*o = 1005. What is the tens digit of o?
3
Suppose -5*o + 3*j + 1981 = 0, -o + 3*j - 389 = -2*o. Suppose 4*d - 573 - o = 0. What is the tens digit of d?
4
Let w(k) = k**3 - 8*k**2 + 3*k. Let i(s) = 9*s**3 - s**2 - s + 1. Let j be i(1). Let a be w(j). What is the units digit of a/9*3/4?
2
Suppose 4*l = -2*q + 4, -4*q - q = 4*l + 2. Let x(u) = -2*u**2 - 2*u**2 - l - u**3 - 4*u + u**2 + 0*u**3. What is the tens digit of x(-3)?
1
Let p(s) be the second derivative of s**4/12 + s**3/2 + 15*s**2 + 13*s. What is the tens digit of p(12)?
1
Let s be ((-2)/1*2)/(-2). Let v(y) = y**3 + y**2 + 1. Let f be v(s). Let g = f + -10. What is the units digit of g?
3
Let i(b) = -b**3 + 3*b**2 - b. Let w be i(-3). Suppose -w - 119 = -4*g. What is the tens digit of g?
4
Let v be 26 + -22 - 2/(-1). What is the tens digit of 2/v - 281/9*-3?
9
Let p be 2/(-1) + -1 + 3. Suppose -m + 4*g + 8 = 0, 7 = 5*m - 4*g - 1. Suppose p = -j - m*j + 7. What is the units digit of j?
7
Let q(d) = -d**3 + 11*d**2 + 16*d - 8. Let f be q(12). Suppose f*a - 232 = 36*a. What is the units digit of a?
8
Suppose -4*b - 1 = -x, -3*x + 4 = 1. Suppose 3*y - 259 + 70 = b. What is the tens digit of y?
6
Suppose -4*c = -5*c - 3. Let i be c/6*0 + -8. Let k = 10 + i. What is the units digit of k?
2
Let w = 66 - 74. What is the tens digit of (940/15)/(w/(-12))?
9
Let m = 2347 + -536. What is the hundreds digit of m?
8
Let j = -12 + 17. Suppose 4*a - 31 + 9 = -j*b, 4*a = 4*b + 4. What is the units digit of b?
2
Let z(k) = 18*k**2 + 28*k - 11. What is the hundreds digit of z(-9)?
1
Let p(o) = -3*o**2 + 3*o - 3. Let y be p(1). What is the tens digit of (45/2)/(y/(-8))?
6
Let k(o) = -37*o + 365. What is the units digit of k(-17)?
4
Suppose -70*m = -81*m + 14960. What is the thousands digit of m?
1
Suppose 5*q - d = 13 - 3, -3*q = d - 14. Suppose -6*v = -q*v - 33. Suppose 0 = -v*w + 14*w - 42. What is the units digit of w?
4
Suppose -5*p + 645 = -g, p - 5*g = -0*g + 129. Let b = p + -40. What is the units digit of b?
9
Suppose 11*i + 444 = -i. What is the units digit of (-2 - 3/(-3))*(-4 + i)?
1
Let w(k) = -2 + k + 4 - 5. Let x be w(8). Suppose -x*z = -6 - 4. What is the units digit of z?
2
Let a = 71 - 50. Let i = 64 + a. What is the units digit of i?
5
Let c = 423 + -77. What is the hundreds digit of c?
3
Let g(o) be the first derivative of -o**2 - 5*o + 22. Suppose 4*q + 21 = 1, w - 5*q = 20. What is the units digit of g(w)?
5
Let w be 1/2*6 + -5. What is the units digit of w/((-88)/20 - -4)?
5
Let v = 103 - 101. Let o(p) = -8*p - 8. Let s(g) = -9*g - 7. Let z(q) = 4*o(q) - 5*s(q). What is the units digit of z(v)?
9
Let r(p) = -p**3 + p**2 - 2*p. Let g(l) = -3*l**3 + 11*l**2 - 12*l + 9. Let t(x) = -g(x) + 4*r(x). Let o be (-2 + 3)*(-9 + 1). What is the tens digit of t(o)?
2
Let p(g) = -g. Let o be p(0). Suppose o = -5*s - 23 + 203. What is the units digit of s?
6
Let n = 1212 - 151. What is the thousands digit of n?
1
Suppose 4*z = -4*v + 1148, 5*v + 384 = -3*z + 1251. What is the units digit of z?
4
Let c = -372 + 780. Suppose -287*k + 291*k = c. What is the hundreds digit of k?
1
Let x(b) = -61*b + 7. What is the units digit of x(-6)?
3
Let s(p) = 39*p**2 - 33 + p - 6*p**2 + 28. What is the units digit of s(-2)?
5
Let f = -2 - -6. Suppose 11*l - f = 9*l. Suppose 0 = -0*o - l*o + 26. What is the units digit of o?
3
What is the units digit of ((-16)/(-10))/(10/(-11200)*-14)?
8
Let x = 6541 - 3570. What is the hundreds digit of x?
9
Let z be 14/((16/20)/2). Suppose -4*x + z = -h, 4*h = x - 2*x + 30. What is the units digit of x?
0
Let w = -33 - -73. Let h = -25 + w. What is the tens digit of h?
1
Suppose -2*s + 2 = -g - 19, -3*g - 5*s - 107 = 0. Let y = 9 + -51. Let m = g - y. What is the tens digit of m?
1
Let n be (-244)/((2/(-8)*-4)/2). Let t = -249 - n. What is the hundreds digit of t?
2
Suppose -6*d - 416 = -2*d. Let s = d + 73. Let i = 52 + s. What is the units digit of i?
1
Suppose 0 = -4*c - c - 5*t + 140, -44 = -2*c - 5*t. Suppose 2*p - c = -0*m + 2*m, 44 = 2*p - 5*m. What is the units digit of p?
2
Suppose 7*l = -84 - 245. Let s be 254/3 - (-3)/9. Let g = s + l. What is the tens digit of g?
3
Let k be -29 - (0 - (-4 + 4)). Let a = -34 + 77. Let n = a + k. What is the units digit of n?
4
Let w be 183/(-9) - (-2)/6. Let r be 11/4 + (-5)/w. Suppose -r*c + 89 - 11 = 0. What is the tens digit of c?
2
Let i be 13/(-3) + 13/(195/20). What is the units digit of (26/i)/((-4)/42)?
1
Suppose -49*l + 17*l + 38304 = 0. What is the tens digit of l?
9
Suppose 16*v = 19*v - 705. What is the hundreds digit of v?
2
Let m be 0/(-1 - (-3 + 3)). Let q be 2*(m + 4/8). What is the units digit of 96/(-3)*q/(-2)?
6
Let g be (3/(-2))/((-24)/3232). Let d = g + -85. What is the hundreds digit of d?
1
Let g = -8 - 6. Let y = g + 29. Suppose -c - 42 = -b - 2*c, 0 = -5*c - y. What is the units digit of b?
5
Let c(y) = 69*y - 4. Let g be c(3). Let i = 124 + g. What is the units digit of i?
7
Suppose -17*n + 36108 = -0*n. What is the hundreds digit of n?
1
Suppose 3*u = -2*x - 14, -3*x = -4*u - 0*u - 13. Let r(o) = -5*o. Let f be r(x). Suppose 0 = f*d - 264 + 24. What is the tens digit of d?
4
Suppose -9*k - 2340 + 8334 = 0. What is the units digit of k?
6
Let f(g) = 1 + 0 - 3 + 5. Let p(k) = k - 4. Let v(t) = 4*f(t) + 3*p(t). What is the units digit of v(5)?
5
Let l be 3*-5*(-8)/60. What is the units digit of l + 24 - (6 + -10)?
0
Let u(a) be the third derivative of -a**5/60 + 11*a**4/24 + 5*a**3/3 + 2*a**2. Let g = 8 - -1. What is the units digit of u(g)?
8
Let a be 364 + -2 + (0 - 1). Suppose 2*t - a = -113. What is the hundreds digit of t?
1
Let c = 11 + -6. Suppose x - 32 = -y, c*y + 65 = 3*x - 23. Let m = 44 - x. What is the units digit of m?
3
Suppose -5*a + 825 - 2284 = -4*t, 1830 = 5*t - 5*a. What is the hundreds digit of t?
3
Let v(h) = -14*h - 4. Let t be v(4). Let w = t + 94. Suppose 2*d = 4*l - w - 54, -4*l + 78 = 3*d. What is the units digit of l?
1
Suppose 39 + 36 = g. Let p be 48/15*g/10. Suppose -2*x + 108 - p = 0. What is the units digit of x?
2
Let i(x) = x**2 + 3*x + 59. Suppose -4*n - 40 + 0 = 0. What is the units digit of i(n)?
9
Let a(t) = 6*t - 8*t**2 - 21*t - 2 + 7*t**2 + t. What is the tens di